620?
6
What is the ten millions digit of 375151442?
7
What is the units digit of 3765391593?
3
What is the hundred thousands digit of 119869680?
8
What is the billions digit of 3039520209?
3
What is the hundred millions digit of 299365469?
2
What is the ten millions digit of 1314043206?
1
What is the thousands digit of 904638080?
8
What is the ten thousands digit of 746683525?
8
What is the tens digit of 424637462?
6
What is the hundreds digit of 1884264889?
8
What is the hundred millions digit of 964496850?
9
What is the ten millions digit of 104971608?
0
What is the hundreds digit of 1019187168?
1
What is the millions digit of 1479472459?
9
What is the ten thousands digit of 119513591?
1
What is the thousands digit of 1391508?
1
What is the ten thousands digit of 6439658?
3
What is the ten thousands digit of 417662564?
6
What is the thousands digit of 1034439415?
9
What is the thousands digit of 3143331709?
1
What is the units digit of 5454677783?
3
What is the millions digit of 5181440490?
1
What is the hundred thousands digit of 199095909?
0
What is the ten thousands digit of 940890357?
9
What is the hundred thousands digit of 583457289?
4
What is the thousands digit of 675655298?
5
What is the ten thousands digit of 63334637?
3
What is the thousands digit of 414682126?
2
What is the units digit of 28945181?
1
What is the units digit of 386237391?
1
What is the thousands digit of 264664993?
4
What is the thousands digit of 1138259615?
9
What is the millions digit of 334592900?
4
What is the ten millions digit of 3572898187?
7
What is the hundred thousands digit of 174945075?
9
What is the tens digit of 88761789?
8
What is the ten thousands digit of 465189998?
8
What is the millions digit of 509824134?
9
What is the hundred thousands digit of 1761553389?
5
What is the ten thousands digit of 625521653?
2
What is the ten millions digit of 57076740?
5
What is the hundred thousands digit of 38033101?
0
What is the tens digit of 102982487?
8
What is the ten thousands digit of 57715321?
1
What is the thousands digit of 384516762?
6
What is the hundred millions digit of 212761508?
2
What is the ten thousands digit of 83408316?
0
What is the billions digit of 1322547647?
1
What is the tens digit of 117206564?
6
What is the hundred millions digit of 1388874218?
3
What is the hundreds digit of 557911771?
7
What is the tens digit of 185542067?
6
What is the millions digit of 174750239?
4
What is the ten thousands digit of 46242782?
4
What is the hundred millions digit of 198389750?
1
What is the tens digit of 209439456?
5
What is the hundreds digit of 1165879121?
1
What is the ten thousands digit of 329314627?
1
What is the hundred thousands digit of 1326665916?
6
What is the ten millions digit of 737371410?
3
What is the hundreds digit of 7372871100?
1
What is the millions digit of 294049658?
4
What is the hundred thousands digit of 334522665?
5
What is the millions digit of 415000622?
5
What is the hundred millions digit of 1548602190?
5
What is the hundred millions digit of 555713573?
5
What is the millions digit of 719034741?
9
What is the hundred thousands digit of 419662689?
6
What is the units digit of 9929855530?
0
What is the hundreds digit of 84462149?
1
What is the thousands digit of 7342012?
2
What is the ten millions digit of 15719823?
1
What is the thousands digit of 445090606?
0
What is the hundreds digit of 29630701?
7
What is the ten millions digit of 1049730574?
4
What is the thousands digit of 2577986791?
6
What is the hundreds digit of 80198993?
9
What is the ten thousands digit of 529464498?
6
What is the ten millions digit of 18074468?
1
What is the hundred thousands digit of 5417804604?
8
What is the ten thousands digit of 70276260?
7
What is the tens digit of 59321842?
4
What is the ten millions digit of 93996143?
9
What is the millions digit of 31783944?
1
What is the thousands digit of 38295594?
5
What is the hundred thousands digit of 116866150?
8
What is the hundreds digit of 3741999474?
4
What is the ten millions digit of 70428372?
7
What is the units digit of 11791215?
5
What is the hundreds digit of 313788900?
9
What is the hundreds digit of 371065003?
0
What is the hundreds digit of 132794390?
3
What is the hundred millions digit of 2150142300?
1
What is the tens digit of 250290951?
5
What is the units digit of 1305611586?
6
What is the tens digit of 65138582?
8
What is the hundreds digit of 66375131?
1
What is the millions digit of 459209337?
9
What is the millions digit of 282056165?
2
What is the tens digit of 2212486242?
4
What is the ten thousands digit of 273524993?
2
What is the ten thousands digit of 14954058?
5
What is the ten millions digit of 403359254?
0
What is the hundred millions digit of 1034033691?
0
What is the ten millions digit of 45207110?
4
What is the billions digit of 1206648558?
1
What is the ten thousands digit of 25723352?
2
What is the thousands digit of 90885597?
5
What is the hundreds digit of 445533409?
4
What is the thousands digit of 83015385?
5
What is the thousands digit of 617152304?
2
What is the thousands digit of 3078190442?
0
What is the millions digit of 270944137?
0
What is the hundred thousands digit of 2883846509?
8
What is the millions digit of 45091556?
5
What is the tens digit of 384392225?
2
What is the ten thousands digit of 1581019164?
1
What is the hundred thousands digit of 541057185?
0
What is the units digit of 333054598?
8
What is the millions digit of 1453634470?
3
What is the millions digit of 39929203?
9
What is the thousands digit of 145148163?
8
What is the ten thousands digit of 206122427?
2
What is the millions digit of 2555909752?
5
What is the thousands digit of 230656564?
6
What is the ten millions digit of 1420218607?
2
What is the ten thousands digit of 722534940?
3
What is the hundreds digit of 2146817032?
0
What is the units digit of 839274?
4
What is the hundred thousands digit of 16431965?
4
What is the millions digit of 382468102?
2
What is the millions digit of 191154017?
1
What is the thousands digit of 7204758416?
8
What is the ten millions digit of 46289244?
4
What is the thousands digit of 2097411570?
1
What is the thousands digit of 489978223?
8
What is the ten thousands digit of 585104013?
0
What is the hundred millions digit of 194459293?
1
What is the hundreds digit of 2518008233?
2
What is the hundred millions digit of 2889521050?
8
What is the ten millions digit of 2237793678?
3
What is the ten millions digit of 204931747?
0
What is the ten millions digit of 23124379?
2
What is the millions digit of 37439255?
7
What is the units digit of 33670392?
2
What is the units digit of 68406405?
5
What is the thousands digit of 272448042?
8
What is the hundred millions digit of 103428434?
1
What is the ten thousands digit of 182645053?
4
What is the hundred thousands digit of 120103467?
1
What is the tens digit of 1111507028?
2
What is the hundred millions digit of 849740270?
8
What is the units digit of 1225261504?
4
What is the ten millions digit of 558350800?
5
What is the ten millions digit of 30125366?
3
What is the tens digit of 1121401440?
4
What is the tens digit of 2500954220?
2
What is the ten millions digit of 989755389?
8
What is the hundred thousands digit of 4250653?
2
What is the thousands digit of 119885187?
5
What is the units digit of 98461554?
4
What is the ten millions digit of 151272433?
5
What is the millions digit of 737656372?
7
What is the units digit of 225603096?
6
What is the units digit of 455169675?
5
What is the hundred millions digit of 3488888823?
4
What is the ten millions digit of 3744124272?
4
What is the thousands digit of 1552965499?
5
What is the millions digit of 72684133?
2
What is the hundred thousands digit of 720309833?
3
What is the ten millions digit of 1135131515?
3
What is the hundred millions digit of 1555644844?
5
What is the units digit of 12140384?
4
What is the ten thousands digit of 40250122?
5
What is the hundreds digit of 147006255?
2
What is the millions digit of 4449521065?
9
What is the hundred millions digit of 125847648?
1
What is the ten thousands digit of 1792638404?
3
What is the ten millions digit of 24879643?
2
What is the units digit of 610256517?
7
What is the thousands digit 